?
True
Is 170849 a composite number?
True
Is 4559 prime?
False
Is 2069857 a composite number?
False
Is 160499 prime?
True
Is 45274 a composite number?
True
Is 1520879 a prime number?
True
Is 18899 a composite number?
False
Is 175261 prime?
True
Is 23117 a prime number?
True
Is 107013 a composite number?
True
Is 119549 a composite number?
False
Is 173735 prime?
False
Is 436993 prime?
True
Is 18761 a composite number?
True
Is 167701 prime?
False
Is 4393 a composite number?
True
Is 61615 a prime number?
False
Is 17957 a prime number?
True
Is 26089 a composite number?
True
Is 136093 a prime number?
True
Is 18433 prime?
True
Is 121571 a prime number?
True
Is 17623 prime?
True
Is 80679 composite?
True
Is 10679 prime?
False
Is 787181 a prime number?
True
Is 17509 prime?
True
Is 3672609 composite?
True
Is 18169 a prime number?
True
Is 132077 prime?
False
Is 105797 a composite number?
True
Is 1399 prime?
True
Is 1399 a composite number?
False
Is 5323 composite?
False
Is 1814017 composite?
True
Is 58169 composite?
False
Is 258889 a composite number?
True
Is 34789 composite?
True
Is 2521 composite?
False
Is 197441 a composite number?
False
Is 9293 prime?
True
Is 15013 a prime number?
True
Is 10727 a prime number?
False
Is 18743 a composite number?
False
Is 36098 prime?
False
Is 1101211 composite?
False
Is 5758 a composite number?
True
Is 132929 prime?
True
Is 117879 a composite number?
True
Is 18671 composite?
False
Is 41351 a prime number?
True
Is 121229 prime?
True
Is 7573 prime?
True
Is 106633 prime?
False
Is 3229385 a composite number?
True
Is 7439 a composite number?
True
Is 7142051 a prime number?
False
Is 60317 a composite number?
False
Is 518429 composite?
False
Is 9305 prime?
False
Is 80897 prime?
True
Is 499 a composite number?
False
Is 11851 a composite number?
True
Is 913853 a prime number?
True
Is 25523 a prime number?
True
Is 29459 prime?
False
Is 1790989 prime?
True
Is 1685 a composite number?
True
Is 188137 composite?
False
Is 5155 a composite number?
True
Is 541 prime?
True
Is 96893 composite?
False
Is 33911 prime?
True
Is 32479 a prime number?
True
Is 1061 prime?
True
Is 118271 a prime number?
False
Is 105953 a prime number?
True
Is 19645 composite?
True
Is 6121 a prime number?
True
Is 683 composite?
False
Is 132199 a prime number?
True
Is 2798107 composite?
True
Is 1470523 a prime number?
True
Is 314107 prime?
True
Is 17693 a prime number?
False
Is 20477 composite?
False
Is 5261 prime?
True
Is 209303 a prime number?
False
Is 1149783 a prime number?
False
Is 146841 composite?
True
Is 3413 prime?
True
Is 3821 composite?
False
Is 77839 prime?
True
Is 10489 a composite number?
True
Is 6737 prime?
True
Is 175391 composite?
False
Is 145177 a composite number?
False
Is 24469 a prime number?
True
Is 29411 prime?
True
Is 33658 a prime number?
False
Is 135689 a composite number?
True
Is 37601 prime?
False
Is 32567 a prime number?
False
Is 148327 composite?
True
Is 3109 a composite number?
False
Is 190027 prime?
True
Is 19319 prime?
True
Is 9199 a composite number?
False
Is 36827 prime?
False
Is 20063 composite?
False
Is 809 a composite number?
False
Is 514399 composite?
False
Is 395377 composite?
False
Is 186523 composite?
True
Is 1505311 prime?
True
Is 4844293 prime?
True
Is 6835 prime?
False
Is 323823 a composite number?
True
Is 1177 prime?
False
Is 9233 composite?
True
Is 76537 a prime number?
True
Is 12293 prime?
False
Is 1219213 composite?
False
Is 78005 prime?
False
Is 59333 composite?
False
Is 490558 prime?
False
Is 1240153 a prime number?
True
Is 550387 composite?
True
Is 108677 a prime number?
True
Is 83693 a composite number?
True
Is 10687 a prime number?
True
Is 437533 a composite number?
False
Is 1720339 composite?
False
Is 54751 composite?
False
Is 14786 a composite number?
True
Is 24191 prime?
False
Is 476711 composite?
True
Is 1812037 a prime number?
True
Is 26779 a prime number?
False
Is 69929 a composite number?
False
Is 34451 a prime number?
False
Is 2779 prime?
False
Is 161407 a composite number?
False
Is 29765 a prime number?
False
Is 16333 a prime number?
True
Is 19249 prime?
True
Is 3833183 composite?
False
Is 3046 a composite number?
True
Is 283667 a prime number?
False
Is 16859 prime?
False
Is 5849 prime?
True
Is 97007 prime?
True
Is 104903 prime?
False
Is 8209 composite?
False
Is 29657 prime?
False
Is 3643 a composite number?
False
Is 59027 composite?
True
Is 888169 prime?
False
Is 5969 a prime number?
False
Is 5923 a prime number?
True
Is 587881 prime?
False
Is 73813 composite?
True
Is 443057 composite?
False
Is 332543 a composite number?
True
Is 571651 composite?
True
Is 179419 a prime number?
False
Is 9391 prime?
True
Is 2503 composite?
False
Is 639211 a prime number?
True
Is 641321 composite?
True
Is 6779 a composite number?
False
Is 815 prime?
False
Is 10427 a composite number?
False
Is 25391 a prime number?
True
Is 12611 composite?
False
Is 45134 a prime number?
False
Is 1421893 a composite number?
True
Is 856787 a composite number?
False
Is 701089 a composite number?
False
Is 2179 composite?
False
Is 227299 prime?
True
Is 257837 prime?
True
Is 53087 a composite number?
False
Is 3803 composite?
False
Is 17707 a composite number?
False
Is 3719 a prime number?
True
Is 229427 a prime number?
False
Is 142 prime?
False
Is 361381 prime?
False
Is 96743 a composite number?
True
Is 153817 prime?
True
Is 2127 prime?
False
Is 27179 a prime number?
True
Is 1217 prime?
True
Is 49057 prime?
True
Is 26903 composite?
False
Is 3581 a composite number?
False
Is 114781 a composite number?
False
Is 11777 prime?
True
Is 8941 a prime number?
True
Is 1156423 a prime number?
True
Is 2777 composite?
False
Is 833189 a prime number?
False
Is 1234537 a prime number?
True
Is 634945 prime?
False
Is 1199 a composite number?
True
Is 1029221 a composite number?
True
Is 21701 a prime number?
True
Is 88547 prime?
True
Is 13519 a prime number?
False
Is 962177 prime?
True
Is 3898 a prime number?
False
Is 1357 a prime number?
False
Is 31769 prime?
True
Is 235439 prime?
True
Is 930101 a prime number?
True
Is 261617 prime?
False
Is 5713 prime?
False
Is 11821 composite?
False
Is 268123 composite?
False
Is 194353 a prime number?
True
Is 803813 composite?
False
Is 582311 a prime number?
False
Is 68261 prime?
True
Is 8623 a prime number?
True
Is 71729 composite?
True
Is 311153 a prime number?
True
Is 7059373 prime?
True
Is 93293 a composite number?
True
Is 24789 a composite number?
True
Is 330329 a composite number?
False
Is 219599 prime?
True
Is 67339 a composite number?
False
Is 1886811 composite?
True
Is 2770199 a composite number?
False
Is 184151 a prime number?
False
Is 17441 a prime number?
False
Is 64282 prime?
False
Is 4721 composite?
False
Is 37781 prime?
True
Is 100151 a composite number?
False
Is 176387 composite?
True
Is 6791 composite?
False
Is 5737 prime?
True
Is 760321 prime?
True
Is 78643 composite?
False
Is 3133 prime?
False
Is 1307591 a prime number?
True
Is 206879 a prime number?
True
Is 253763 a composite number?
False
Is 9871 a prime number?
True
Is 33679 a prime number?
True
Is 118387 composite?
False
Is 94241 a composite number?
True
Is 1076123 a composite number?
False
Is 30359 prime?
False
Is 71123 a prime number?
False
Is 398729 a prime number?
True
Is 1439 a composite number?
False
Is 790287 prime?
False
Is 778265 a composite number?
True
Is 170042 prime?
False
Is 6731 composite?
True
Is 4153 composite?
False
Is 900829 composite?
True
Is 61453 composite?
True
Is 51323 composite?
True
Is 1289513 prime?
True
Is 7039 composite?
False
Is 454009 a prime number?
True
Is 40799 prime?
False
Is 24071 a composite number?
False
Is 389687 composite?
False
Is 277021 a prime number?
True
Is 8698 prime?
False
Is 4177 prime?
True
Is 6131 a composite number?
False
Is 290441 a composite number?
False
Is 610417 prime?
True
Is 33571 prime?
False
Is 576505 a prime number?
False
Is 11107 composite?
True
Is 570574 composite?
True
Is 47491 composite?
False
Is 102347 a prime number?
False
Is 199103 a composite number?
False
Is 27349 a composite number?
True
Is 633 prime?
False
Is 49889 prime?
False
Is 1905221 a composite number?
True
Is 9183 a composite number?
True
Is 7723 a prime number?
True
Is 103141 composite?
False
Is 2929871 a prime number?
Fal